s of f?
2, 3, 19
Let a(g) = 13*g**2 - 19*g**2 + 5 - 18*g**2 - g**3 - 22*g + 21. Let t be a(-23). Let o(z) = 23*z + 20. What are the prime factors of o(t)?
89
Let s(k) = 22228*k - 529. What are the prime factors of s(2)?
13, 31, 109
Suppose 4129*o + 60200 = 4154*o. What are the prime factors of o?
2, 7, 43
Suppose 154*k + 344128 = 2219386. What are the prime factors of k?
3, 11, 41
Let t(z) = -13*z**2 - 4*z - 3. Let j be t(-2). Suppose -32*f + 33*f = 111. Let x = f + j. What are the prime factors of x?
2
Let x(w) = 182*w**2 - 3*w + 2. Let g be x(2). Suppose 2*t + 5*r = -0*t + g, -4*t = 2*r - 1448. List the prime factors of t.
2, 181
List the prime factors of (-4 + (-9)/(-3))/(47/(-1681237)).
35771
Let n = 209 + -203. List the prime factors of ((-468)/8 + n)*42/(-9).
5, 7
Let c = 4350 - -10396. List the prime factors of c.
2, 73, 101
Suppose 31*w + 619288 = 48*w - 553984. List the prime factors of w.
2, 8627
Let q = -11635 - -15362. List the prime factors of q.
3727
Let v be (32/20)/(2/(-20)). Let i be (-7080)/v + ((-27)/(-6))/3. Let g = -192 + i. List the prime factors of g.
2, 3, 7
Let t be 54/13 + 5 + (-67)/13. Suppose 0 = -3*s + h - 1, 0 = t*s + h + 4*h - 24. What are the prime factors of ((-3 - s) + -19)*-8?
2, 23
Suppose 0 = 5*s - 5*w - 964 + 309, 0 = s + 2*w - 122. Let l = s - 126. What are the prime factors of l - 576/(-4) - (4 - 3)?
5, 29
Let l(x) = -x + 19. Let c be l(-4). Suppose c*m = 29*m - 2058. What are the prime factors of m?
7
Let k(q) = 6*q**3 + 7*q**2 - 17*q - 60. List the prime factors of k(15).
2, 3, 5, 239
Let f = 6 + -2. Let m be f/3*3 - 66/11. What are the prime factors of 123 - (m + -2 + 6) - -4?
5
Let q = 177 + -175. Suppose -q*k = -0*k - 226. What are the prime factors of k?
113
Let t(f) = 194*f + 3. Let x(s) = s + 1. Let m be x(1). List the prime factors of t(m).
17, 23
Let g = 81 + -78. Suppose 5*b = j - 104, -72 = 2*b + b - g*j. What are the prime factors of 5*88/10*(-45)/b?
3, 11
Let m = 16001 + 3193. What are the prime factors of m?
2, 3, 7, 457
Let y = -501 - -503. List the prime factors of (-1 - y)/(51/(-9061)).
13, 41
Let b(z) be the second derivative of 34*z**3/3 - 3*z**2/2 - z. Suppose 4*m + 0 = v - 5, 5*v - m = 6. List the prime factors of b(v).
5, 13
Let s = 28046 + -26688. List the prime factors of s.
2, 7, 97
Let o = 306 - 255. Suppose 2*j + 2*t = 778, o*t - 55*t = 4. What are the prime factors of j?
2, 3, 5, 13
Let n = 70 + -83. Let o be (-93)/n - 24/156. Suppose 0 = -o*w + 2*w + 1170. List the prime factors of w.
2, 3, 13
Suppose 3*z = 3*r + 24, 0*z - 2*r - 4 = z. Suppose -18 = z*j - 3*j. What are the prime factors of (3/j*-104)/((-4)/(-6))?
2, 13
Suppose 66*x + 5187 - 57789 = 0. List the prime factors of x.
797
Let o(z) = z**3 - 6*z**2 + 7*z - 147. List the prime factors of o(9).
3, 53
Suppose -5*j - 51*w + 55*w + 38723 = 0, 3*j - w = 23238. What are the prime factors of j?
61, 127
Suppose 3*d + 2505 = 2*l, -d - 3740 = -3*l - 0*d. Suppose -5*x + 6*m + 2103 = 8*m, -3*m - l = -3*x. List the prime factors of x.
419
Let v be (0 + 4/(-6))/((-548)/4110). Suppose -5*d - 8850 = -5*q, 2*q + 5*d = v*q - 5308. List the prime factors of q.
7, 11, 23
Let i be -1*((-10140)/4)/3. Let m = i + -530. What are the prime factors of m/54 - 6 - 1021/(-6)?
2, 5, 17
Suppose 10*r = 19*r - 8*r. Suppose 27*q - 28*q + 105 = r. List the prime factors of q.
3, 5, 7
Let r(q) = -2*q - 1. Let b be ((-30)/9 + 3)*-3. Let t be r(b). Let g = t - -7. List the prime factors of g.
2
Let l = 18909 - -1214. What are the prime factors of l?
20123
Suppose -38*z + 94944 = 5*z. What are the prime factors of z?
2, 3, 23
Let o be -4*1*1 + 3 + -2. Let l be (15/6)/(o/(-6)). Suppose -2*g = -6, 5*s - 2*s - 261 = l*g. What are the prime factors of s?
2, 23
List the prime factors of -4 - (-9009 + -4 + 3 + 6).
2, 3, 5
Suppose 203*v - 209186 - 76344 = 574987. What are the prime factors of v?
3, 157
Let u(z) be the third derivative of 13*z**4/8 - 3*z**3/2 + 12*z**2. Let m be u(5). Suppose -3*i = -726 + m. List the prime factors of i.
2, 3, 5
Suppose -297*k = 4030403 - 17808530. What are the prime factors of k?
23, 2017
Let h be (8 - 12) + 5 + 323. Let v = h + 98. List the prime factors of v.
2, 211
Let o(k) = -k**3 + 10*k**2 - 12*k - 9. Let x be o(6). Let v = x + -48. Suppose v*n - 585 = 6*n. List the prime factors of n.
5, 13
Let s(u) = 3*u**2 - 5*u - 2. Let l(i) = -i**2 + 3*i. Let g(t) = 11*l(t) + 6*s(t). List the prime factors of g(5).
2, 89
Let z(w) = 9*w**3 - 15*w**2 + 11*w - 23. List the prime factors of z(5).
2, 17, 23
Suppose -4*o - 130 = -1082. Suppose -x = -8*u + 9*u - 250, -u - 4*x + o = 0. List the prime factors of u.
2, 127
Suppose 3*f - 85038 = -3*u, f = -4*u + 79819 + 33559. What are the prime factors of u?
2, 3, 1181
Suppose 3*t + 9 = 0, 3*b + 27 = t - 4*t. Let u(o) = -62*o - 28. List the prime factors of u(b).
2, 43
Suppose 2*m = -5*a - 641, -a - 3*m + m = 125. Let y = -259 + 489. Let b = y + a. List the prime factors of b.
101
Let d be (-3 + 6)*(-10)/(-6). Suppose 0 = 5*y + 5*x - 580, d*y - 572 = -3*x - 0*x. List the prime factors of y.
2, 7
Suppose 0 = 2*b - 5*b + 9. List the prime factors of 128/(-16)*(b + -44 + 1).
2, 5
Suppose 5*v = -4*i + 3*i + 671, 5*v - 669 = i. Let q = v - 96. Let c = 48 - q. What are the prime factors of c?
2, 5
Let s(x) = -2462*x + 699. What are the prime factors of s(-2)?
5623
Suppose -40787 = -3*g - 5*q, -45*g + 50*g = -3*q + 67989. What are the prime factors of g?
3, 1511
Let v(q) = -q**3 - 6*q**2 + 26. Let y be v(-9). Let u = -93 + y. What are the prime factors of u?
2, 11
Let d(p) = -6*p**3 + 14*p**2 + 12*p + 10. Let k(j) = -j**3 + j**2 - 1. Let v(w) = d(w) - 5*k(w). Let r = -411 + 420. List the prime factors of v(r).
3, 41
Let p(a) = -6*a**3 - 9*a**2 + 0 + 15 + 16*a**2. What are the prime factors of p(-4)?
7, 73
Let o(g) = g**3 + 14*g**2 + 10*g + 18. Let t be o(-13). Suppose 4893 = 4*b + t. What are the prime factors of b/9 + (-2)/6?
2, 67
Let h(k) = 20*k - 1. Suppose -11 = 7*x - 60. Let y be h(x). What are the prime factors of y - (4 + -5 - -1)?
139
Let u be 2 + 56/(-7) - -279. Let v = u - -126. What are the prime factors of v?
3, 7, 19
Suppose 0 = 3*d + 7 - 13. Suppose 4*f - 12 = 0, -k + 4*k + d*f - 720 = 0. List the prime factors of k.
2, 7, 17
Let f(z) = 50*z**2 - 4*z + 16. Let a be f(5). Suppose -a = -2*i - 426. What are the prime factors of i?
2, 5, 41
Let u be (18/2)/((-18)/4 - -6). Suppose -i = -i - u*i. Suppose i = 4*f - 81 - 135. List the prime factors of f.
2, 3
Let a(o) = -8*o**3 - 87*o**2 - 49*o - 597. List the prime factors of a(-25).
3, 7, 13, 29
List the prime factors of (-215)/(-473)*11 + -1 + 40781.
3, 5, 2719
Let g be (6/(6/3))/(-3). What are the prime factors of (-4 - 5)*278/6*g?
3, 139
Let n be 600/28 - 6/56*4. List the prime factors of (-1)/((-6)/n - 449/(-1596)).
2, 3, 19
List the prime factors of 23423*17/(-272)*-16.
59, 397
Suppose 7643586 + 5426981 = 467*l - 3950649. What are the prime factors of l?
2, 17, 67
Let b(t) = t**3 + 48*t**2 - 88*t + 33. List the prime factors of b(-28).
3, 73, 83
Let b(u) = u**3 - 6*u**2 + 6*u - 3. Let r = 47 - 42. Let k be b(r). Suppose 4*f = -k*j + 58, 5*f + j - 15 = 53. List the prime factors of f.
13
Let k(g) = 2*g**3 - 8*g**2 + 5*g - 13. Let w be k(6). Suppose -j + h + w = -0*j, 2*j + 2*h = 338. What are the prime factors of j?
3, 5, 11
Suppose 4*c = -5*c + 54. Suppose -5*k + 26 = c. Suppose 4*y - 237 = -2*w - y, -466 = -k*w - 2*y. What are the prime factors of w?
2, 29
Let v = -19637 - -49739. List the prime factors of 4/(-38) + v/57.
2, 3, 11
Let j(t) = -317*t**2 + 3017*t - 5. What are the prime factors of j(7)?
5581
Suppose -2*r = 4*m - 39 - 45, -4 = -2*r. List the prime factors of 1/((m/2785)/4).
557
Let c(k) = -3*k**3 + 9*k**2 + 6*k - 2. List the prime factors of c(-5).
2, 71
Let i = -1476 + 14268. List the prime factors of i.
2, 3, 13, 41
Let a be (398 - -1)*(3/9 + 0). Suppose -12*w = -a - 2543. What are the prime factors of w?
223
Suppose 96 = 6*g - 10*g. Let k be g/(-60) + 223/5. Let x = 126 + k. What are the prime factors of x?
3, 19
Let k be (2/(-4))/(-4*(-1)/7544). Let n = k - -1535. List the prime factors of n.
2, 37
Let u be -3 + 2 - (2 - 1 - 2). Suppose -3*h + 1816 = 4*w, 0 = 4*h - u*h - 16. What are the prime factors of w?
11, 41
